{"id":7,"date":"2014-12-27T18:42:07","date_gmt":"2014-12-27T18:42:07","guid":{"rendered":"http:\/\/web50.server-drome.org\/wordpress\/?page_id=4"},"modified":"2021-10-26T21:46:02","modified_gmt":"2021-10-26T21:46:02","slug":"produkte","status":"publish","type":"page","link":"https:\/\/peter-meerrettich.de\/?page_id=7","title":{"rendered":"Produkte"},"content":{"rendered":"\n<h2 class=\"wp-block-heading\"><\/h2>\n\n\n\n<blockquote class=\"wp-block-quote is-layout-flow wp-block-quote-is-layout-flow\"><p>Wann wird der Meerrettich geerntet?<\/p><\/blockquote>\n\n\n\n<p>Der Meerrettich wird in allen Monaten die den Buchstaben &#8222;R&#8220; beinhalten geerntet:<br>September &#8211; April<\/p>\n\n\n\n<blockquote class=\"wp-block-quote is-layout-flow wp-block-quote-is-layout-flow\"><p>Wie lange h\u00e4lt der geriebene Meerrettich?<\/p><\/blockquote>\n\n\n\n<p>Unge\u00f6ffnet und k\u00fchl gelagert kann man die Gl\u00e4ser gute drei Monate aufbewahren.<br>Nach dem \u00d6ffnen sollte das Glas allerdings binnen 2-3 Wochen aufgebraucht sein &#8211; da ansonsten die Sch\u00e4rfe nachl\u00e4sst und der Meerrettich sich grau verf\u00e4rben kann.   <\/p>\n\n\n\n<blockquote class=\"wp-block-quote is-layout-flow wp-block-quote-is-layout-flow\"><p>Wie lagere ich am besten die Meerrettichstangen?<\/p><\/blockquote>\n\n\n\n<p>&#8211; Meerrettichstangen in einem feuchtem Handtuch im K\u00fchlschrank aufbewahren<br>&#8211; Meerrettichstangen waschen und einfrieren und nach Bedarf aufbrauchen<br>&#8211; Meerrettichstangen in lichtgesch\u00fctzt in feuchtem Sand einschlagen<\/p>\n\n\n<p><span style=\"font-family: arial, helvetica, sans-serif;\"><strong>Unser &#8218;Klassiker&#8216;:<\/strong><\/span><br \/><span style=\"font-family: arial, helvetica, sans-serif;\"> Ganze 150 g feinster, geriebener, Urloffener Meerrettich, f\u00fcr den handlichen Gebrauch Zuhause oder auch als Sechserpack im Karton erh\u00e4ltlich!<\/span><a href=\"http:\/\/peter-meerrettich.de\/wp-content\/uploads\/2020\/02\/meerrettich_glas.jpg\"><img loading=\"lazy\" decoding=\"async\" class=\"aligncenter size-full wp-image-129\" src=\"http:\/\/peter-meerrettich.de\/wp-content\/uploads\/2020\/02\/meerrettich_glas.jpg\" alt=\"\" width=\"900\" height=\"505\" srcset=\"https:\/\/peter-meerrettich.de\/wp-content\/uploads\/2020\/02\/meerrettich_glas.jpg 900w, https:\/\/peter-meerrettich.de\/wp-content\/uploads\/2020\/02\/meerrettich_glas-300x168.jpg 300w, https:\/\/peter-meerrettich.de\/wp-content\/uploads\/2020\/02\/meerrettich_glas-768x431.jpg 768w, https:\/\/peter-meerrettich.de\/wp-content\/uploads\/2020\/02\/meerrettich_glas-500x281.jpg 500w\" sizes=\"auto, (max-width: 900px) 100vw, 900px\" \/><\/a><a href=\"http:\/\/peter-meerrettich.de\/wp-content\/uploads\/2020\/02\/meerrettich_glas_karton.jpg\"><img loading=\"lazy\" decoding=\"async\" class=\"aligncenter size-full wp-image-131\" src=\"http:\/\/peter-meerrettich.de\/wp-content\/uploads\/2020\/02\/meerrettich_glas_karton.jpg\" alt=\"\" width=\"900\" height=\"505\" srcset=\"https:\/\/peter-meerrettich.de\/wp-content\/uploads\/2020\/02\/meerrettich_glas_karton.jpg 900w, https:\/\/peter-meerrettich.de\/wp-content\/uploads\/2020\/02\/meerrettich_glas_karton-300x168.jpg 300w, https:\/\/peter-meerrettich.de\/wp-content\/uploads\/2020\/02\/meerrettich_glas_karton-768x431.jpg 768w, https:\/\/peter-meerrettich.de\/wp-content\/uploads\/2020\/02\/meerrettich_glas_karton-500x281.jpg 500w\" sizes=\"auto, (max-width: 900px) 100vw, 900px\" \/><\/a><span style=\"font-family: arial, helvetica, sans-serif;\">Oder wie w\u00e4re es mit dem <strong>gro\u00dfen Bruder<\/strong> unseres &#8218;Klassikers&#8216;?!<\/span><br \/><span style=\"font-family: arial, helvetica, sans-serif;\"> Ganze 700 g feinster, geriebener, Urloffener Meerrettich, f\u00fcr ein Familienfest oder sonstige gr\u00f6\u00dfere Anl\u00e4sse.<\/span><\/p>\n<p><a href=\"http:\/\/peter-meerrettich.de\/wp-content\/uploads\/2020\/02\/meerrettich_glasgross.jpg\"><img loading=\"lazy\" decoding=\"async\" class=\"aligncenter size-full wp-image-133\" src=\"http:\/\/peter-meerrettich.de\/wp-content\/uploads\/2020\/02\/meerrettich_glasgross.jpg\" alt=\"\" width=\"900\" height=\"505\" srcset=\"https:\/\/peter-meerrettich.de\/wp-content\/uploads\/2020\/02\/meerrettich_glasgross.jpg 900w, https:\/\/peter-meerrettich.de\/wp-content\/uploads\/2020\/02\/meerrettich_glasgross-300x168.jpg 300w, https:\/\/peter-meerrettich.de\/wp-content\/uploads\/2020\/02\/meerrettich_glasgross-768x431.jpg 768w, https:\/\/peter-meerrettich.de\/wp-content\/uploads\/2020\/02\/meerrettich_glasgross-500x281.jpg 500w\" sizes=\"auto, (max-width: 900px) 100vw, 900px\" \/><\/a><a href=\"http:\/\/peter-meerrettich.de\/wp-content\/uploads\/2020\/02\/meerrettich_glas_vgl.jpg\"><img loading=\"lazy\" decoding=\"async\" class=\"aligncenter size-full wp-image-134\" src=\"http:\/\/peter-meerrettich.de\/wp-content\/uploads\/2020\/02\/meerrettich_glas_vgl.jpg\" alt=\"\" width=\"900\" height=\"505\" srcset=\"https:\/\/peter-meerrettich.de\/wp-content\/uploads\/2020\/02\/meerrettich_glas_vgl.jpg 900w, https:\/\/peter-meerrettich.de\/wp-content\/uploads\/2020\/02\/meerrettich_glas_vgl-300x168.jpg 300w, https:\/\/peter-meerrettich.de\/wp-content\/uploads\/2020\/02\/meerrettich_glas_vgl-768x431.jpg 768w, https:\/\/peter-meerrettich.de\/wp-content\/uploads\/2020\/02\/meerrettich_glas_vgl-500x281.jpg 500w\" sizes=\"auto, (max-width: 900px) 100vw, 900px\" \/><\/a><span style=\"font-family: arial, helvetica, sans-serif;\">Selbstverst\u00e4ndlich f\u00fchren wir auch die eigentliche <strong>Meerrettichwurzel<\/strong> in einer gro\u00dfen Auswahl.<br \/><a href=\"http:\/\/peter-meerrettich.de\/wp-content\/uploads\/2020\/02\/meerrettich_stange.jpg\"><img loading=\"lazy\" decoding=\"async\" class=\"aligncenter size-full wp-image-135\" src=\"http:\/\/peter-meerrettich.de\/wp-content\/uploads\/2020\/02\/meerrettich_stange.jpg\" alt=\"\" width=\"900\" height=\"505\" srcset=\"https:\/\/peter-meerrettich.de\/wp-content\/uploads\/2020\/02\/meerrettich_stange.jpg 900w, https:\/\/peter-meerrettich.de\/wp-content\/uploads\/2020\/02\/meerrettich_stange-300x168.jpg 300w, https:\/\/peter-meerrettich.de\/wp-content\/uploads\/2020\/02\/meerrettich_stange-768x431.jpg 768w, https:\/\/peter-meerrettich.de\/wp-content\/uploads\/2020\/02\/meerrettich_stange-500x281.jpg 500w\" sizes=\"auto, (max-width: 900px) 100vw, 900px\" \/><\/a><br \/><\/span><\/p>\n\n\n<p><\/p>\n","protected":false},"excerpt":{"rendered":"<p>Wann wird der Meerrettich geerntet? Der Meerrettich wird in allen Monaten die den Buchstaben &#8222;R&#8220; beinhalten geerntet:September &#8211; April Wie lange h\u00e4lt der geriebene Meerrettich? Unge\u00f6ffnet und k\u00fchl gelagert kann man die Gl\u00e4ser gute drei Monate aufbewahren.Nach dem \u00d6ffnen sollte &hellip; <a href=\"https:\/\/peter-meerrettich.de\/?page_id=7\">Weiterlesen <span class=\"meta-nav\">&rarr;<\/span><\/a><\/p>\n","protected":false},"author":1,"featured_media":0,"parent":0,"menu_order":0,"comment_status":"open","ping_status":"open","template":"","meta":{"footnotes":""},"class_list":["post-7","page","type-page","status-publish","hentry"],"_links":{"self":[{"href":"https:\/\/peter-meerrettich.de\/index.php?rest_route=\/wp\/v2\/pages\/7","targetHints":{"allow":["GET"]}}],"collection":[{"href":"https:\/\/peter-meerrettich.de\/index.php?rest_route=\/wp\/v2\/pages"}],"about":[{"href":"https:\/\/peter-meerrettich.de\/index.php?rest_route=\/wp\/v2\/types\/page"}],"author":[{"embeddable":true,"href":"https:\/\/peter-meerrettich.de\/index.php?rest_route=\/wp\/v2\/users\/1"}],"replies":[{"embeddable":true,"href":"https:\/\/peter-meerrettich.de\/index.php?rest_route=%2Fwp%2Fv2%2Fcomments&post=7"}],"version-history":[{"count":12,"href":"https:\/\/peter-meerrettich.de\/index.php?rest_route=\/wp\/v2\/pages\/7\/revisions"}],"predecessor-version":[{"id":191,"href":"https:\/\/peter-meerrettich.de\/index.php?rest_route=\/wp\/v2\/pages\/7\/revisions\/191"}],"wp:attachment":[{"href":"https:\/\/peter-meerrettich.de\/index.php?rest_route=%2Fwp%2Fv2%2Fmedia&parent=7"}],"curies":[{"name":"wp","href":"https:\/\/api.w.org\/{rel}","templated":true}]}}

<h2 class="wp-block-heading"></h2>



<blockquote class="wp-block-quote is-layout-flow wp-block-quote-is-layout-flow"><p>Wann wird der Meerrettich geerntet?</p></blockquote>



<p>Der Meerrettich wird in allen Monaten die den Buchstaben &#8222;R&#8220; beinhalten geerntet:<br>September &#8211; April</p>



<blockquote class="wp-block-quote is-layout-flow wp-block-quote-is-layout-flow"><p>Wie lange hält der geriebene Meerrettich?</p></blockquote>



<p>Ungeöffnet und kühl gelagert kann man die Gläser gute drei Monate aufbewahren.<br>Nach dem Öffnen sollte das Glas allerdings binnen 2-3 Wochen aufgebraucht sein &#8211; da ansonsten die Schärfe nachlässt und der Meerrettich sich grau verfärben kann.   </p>



<blockquote class="wp-block-quote is-layout-flow wp-block-quote-is-layout-flow"><p>Wie lagere ich am besten die Meerrettichstangen?</p></blockquote>



<p>&#8211; Meerrettichstangen in einem feuchtem Handtuch im Kühlschrank aufbewahren<br>&#8211; Meerrettichstangen waschen und einfrieren und nach Bedarf aufbrauchen<br>&#8211; Meerrettichstangen in lichtgeschützt in feuchtem Sand einschlagen</p>


<p><span style="font-family: arial, helvetica, sans-serif;"><strong>Unser &#8218;Klassiker&#8216;:</strong></span><br /><span style="font-family: arial, helvetica, sans-serif;"> Ganze 150 g feinster, geriebener, Urloffener Meerrettich, für den handlichen Gebrauch Zuhause oder auch als Sechserpack im Karton erhältlich!</span><a href="http://peter-meerrettich.de/wp-content/uploads/2020/02/meerrettich_glas.jpg"><img loading="lazy" decoding="async" class="aligncenter size-full wp-image-129" src="http://peter-meerrettich.de/wp-content/uploads/2020/02/meerrettich_glas.jpg" alt="" width="900" height="505" srcset="https://peter-meerrettich.de/wp-content/uploads/2020/02/meerrettich_glas.jpg 900w, https://peter-meerrettich.de/wp-content/uploads/2020/02/meerrettich_glas-300x168.jpg 300w, https://peter-meerrettich.de/wp-content/uploads/2020/02/meerrettich_glas-768x431.jpg 768w, https://peter-meerrettich.de/wp-content/uploads/2020/02/meerrettich_glas-500x281.jpg 500w" sizes="auto, (max-width: 900px) 100vw, 900px" /></a><a href="http://peter-meerrettich.de/wp-content/uploads/2020/02/meerrettich_glas_karton.jpg"><img loading="lazy" decoding="async" class="aligncenter size-full wp-image-131" src="http://peter-meerrettich.de/wp-content/uploads/2020/02/meerrettich_glas_karton.jpg" alt="" width="900" height="505" srcset="https://peter-meerrettich.de/wp-content/uploads/2020/02/meerrettich_glas_karton.jpg 900w, https://peter-meerrettich.de/wp-content/uploads/2020/02/meerrettich_glas_karton-300x168.jpg 300w, https://peter-meerrettich.de/wp-content/uploads/2020/02/meerrettich_glas_karton-768x431.jpg 768w, https://peter-meerrettich.de/wp-content/uploads/2020/02/meerrettich_glas_karton-500x281.jpg 500w" sizes="auto, (max-width: 900px) 100vw, 900px" /></a><span style="font-family: arial, helvetica, sans-serif;">Oder wie wäre es mit dem <strong>großen Bruder</strong> unseres &#8218;Klassikers&#8216;?!</span><br /><span style="font-family: arial, helvetica, sans-serif;"> Ganze 700 g feinster, geriebener, Urloffener Meerrettich, für ein Familienfest oder sonstige größere Anlässe.</span></p>
<p><a href="http://peter-meerrettich.de/wp-content/uploads/2020/02/meerrettich_glasgross.jpg"><img loading="lazy" decoding="async" class="aligncenter size-full wp-image-133" src="http://peter-meerrettich.de/wp-content/uploads/2020/02/meerrettich_glasgross.jpg" alt="" width="900" height="505" srcset="https://peter-meerrettich.de/wp-content/uploads/2020/02/meerrettich_glasgross.jpg 900w, https://peter-meerrettich.de/wp-content/uploads/2020/02/meerrettich_glasgross-300x168.jpg 300w, https://peter-meerrettich.de/wp-content/uploads/2020/02/meerrettich_glasgross-768x431.jpg 768w, https://peter-meerrettich.de/wp-content/uploads/2020/02/meerrettich_glasgross-500x281.jpg 500w" sizes="auto, (max-width: 900px) 100vw, 900px" /></a><a href="http://peter-meerrettich.de/wp-content/uploads/2020/02/meerrettich_glas_vgl.jpg"><img loading="lazy" decoding="async" class="aligncenter size-full wp-image-134" src="http://peter-meerrettich.de/wp-content/uploads/2020/02/meerrettich_glas_vgl.jpg" alt="" width="900" height="505" srcset="https://peter-meerrettich.de/wp-content/uploads/2020/02/meerrettich_glas_vgl.jpg 900w, https://peter-meerrettich.de/wp-content/uploads/2020/02/meerrettich_glas_vgl-300x168.jpg 300w, https://peter-meerrettich.de/wp-content/uploads/2020/02/meerrettich_glas_vgl-768x431.jpg 768w, https://peter-meerrettich.de/wp-content/uploads/2020/02/meerrettich_glas_vgl-500x281.jpg 500w" sizes="auto, (max-width: 900px) 100vw, 900px" /></a><span style="font-family: arial, helvetica, sans-serif;">Selbstverständlich führen wir auch die eigentliche <strong>Meerrettichwurzel</strong> in einer großen Auswahl.<br /><a href="http://peter-meerrettich.de/wp-content/uploads/2020/02/meerrettich_stange.jpg"><img loading="lazy" decoding="async" class="aligncenter size-full wp-image-135" src="http://peter-meerrettich.de/wp-content/uploads/2020/02/meerrettich_stange.jpg" alt="" width="900" height="505" srcset="https://peter-meerrettich.de/wp-content/uploads/2020/02/meerrettich_stange.jpg 900w, https://peter-meerrettich.de/wp-content/uploads/2020/02/meerrettich_stange-300x168.jpg 300w, https://peter-meerrettich.de/wp-content/uploads/2020/02/meerrettich_stange-768x431.jpg 768w, https://peter-meerrettich.de/wp-content/uploads/2020/02/meerrettich_stange-500x281.jpg 500w" sizes="auto, (max-width: 900px) 100vw, 900px" /></a><br /></span></p>


<p></p>

<p>Wann wird der Meerrettich geerntet? Der Meerrettich wird in allen Monaten die den Buchstaben &#8222;R&#8220; beinhalten geerntet:September &#8211; April Wie lange hält der geriebene Meerrettich? Ungeöffnet und kühl gelagert kann man die Gläser gute drei Monate aufbewahren.Nach dem Öffnen sollte &hellip; <a href="https://peter-meerrettich.de/?page_id=7">Weiterlesen <span class="meta-nav">&rarr;</span></a></p>
